e factors of 1383.
3, 461
What are the prime factors of 20584?
2, 31, 83
List the prime factors of 2473.
2473
List the prime factors of 1372.
2, 7
List the prime factors of 927.
3, 103
List the prime factors of 33231.
3, 11, 19, 53
What are the prime factors of 2752?
2, 43
What are the prime factors of 2949?
3, 983
What are the prime factors of 1179?
3, 131
List the prime factors of 17384.
2, 41, 53
List the prime factors of 4503.
3, 19, 79
What are the prime factors of 32213?
32213
List the prime factors of 6612.
2, 3, 19, 29
List the prime factors of 13114.
2, 79, 83
List the prime factors of 38027.
11, 3457
What are the prime factors of 1278?
2, 3, 71
List the prime factors of 43907.
23, 83
What are the prime factors of 301?
7, 43
List the prime factors of 2634.
2, 3, 439
What are the prime factors of 714?
2, 3, 7, 17
What are the prime factors of 163?
163
What are the prime factors of 1359?
3, 151
List the prime factors of 3678.
2, 3, 613
What are the prime factors of 1242?
2, 3, 23
List the prime factors of 76329.
3, 11, 257
List the prime factors of 56570.
2, 5, 5657
What are the prime factors of 32013?
3, 3557
List the prime factors of 14585.
5, 2917
What are the prime factors of 16069?
16069
List the prime factors of 5973.
3, 11, 181
What are the prime factors of 5714?
2, 2857
List the prime factors of 174155.
5, 61, 571
What are the prime factors of 214?
2, 107
What are the prime factors of 32350?
2, 5, 647
List the prime factors of 161.
7, 23
List the prime factors of 2260.
2, 5, 113
What are the prime factors of 70550?
2, 5, 17, 83
What are the prime factors of 4409?
4409
What are the prime factors of 772?
2, 193
What are the prime factors of 3527?
3527
What are the prime factors of 8125?
5, 13
What are the prime factors of 32952?
2, 3, 1373
What are the prime factors of 2811?
3, 937
List the prime factors of 41435.
5, 8287
List the prime factors of 82566.
2, 3, 11, 139
What are the prime factors of 21841?
21841
List the prime factors of 534.
2, 3, 89
What are the prime factors of 1015?
5, 7, 29
List the prime factors of 17.
17
List the prime factors of 12374.
2, 23, 269
List the prime factors of 12531.
3, 4177
What are the prime factors of 37141?
13, 2857
List the prime factors of 9722.
2, 4861
List the prime factors of 71095.
5, 59, 241
What are the prime factors of 620?
2, 5, 31
What are the prime factors of 521?
521
List the prime factors of 10828.
2, 2707
List the prime factors of 22480.
2, 5, 281
What are the prime factors of 2642?
2, 1321
What are the prime factors of 1102?
2, 19, 29
List the prime factors of 293.
293
List the prime factors of 29770.
2, 5, 13, 229
What are the prime factors of 2835?
3, 5, 7
List the prime factors of 1903.
11, 173
List the prime factors of 933.
3, 311
What are the prime factors of 42?
2, 3, 7
List the prime factors of 3735.
3, 5, 83
What are the prime factors of 29754?
2, 3, 19, 29
List the prime factors of 2338.
2, 7, 167
List the prime factors of 2883.
3, 31
List the prime factors of 6664.
2, 7, 17
List the prime factors of 27143.
27143
What are the prime factors of 31946?
2, 15973
What are the prime factors of 1620?
2, 3, 5
List the prime factors of 10079.
10079
List the prime factors of 77754.
2, 3, 12959
List the prime factors of 1492.
2, 373
What are the prime factors of 34863?
3, 11621
List the prime factors of 4300.
2, 5, 43
What are the prime factors of 15045?
3, 5, 17, 59
List the prime factors of 2482.
2, 17, 73
List the prime factors of 171097.
23, 43, 173
What are the prime factors of 2160?
2, 3, 5
List the prime factors of 4955.
5, 991
What are the prime factors of 40665?
3, 5, 2711
What are the prime factors of 711?
3, 79
List the prime factors of 2699.
2699
What are the prime factors of 15175?
5, 607
List the prime factors of 1653.
3, 19, 29
What are the prime factors of 9527?
7, 1361
What are the prime factors of 2967?
3, 23, 43
What are the prime factors of 19076?
2, 19, 251
What are the prime factors of 10626?
2, 3, 7, 11, 23
What are the prime factors of 90842?
2, 53, 857
What are the prime factors of 3585?
3, 5, 239
What are the prime factors of 171?
3, 19
What are the prime factors of 17377?
17377
List the prime factors of 55848.
2, 3, 13, 179
What are the prime factors of 123?
3, 41
What are the prime factors of 364?
2, 7, 13
List the prime factors of 13090.
2, 5, 7, 11, 17
List the prime factors of 49.
7
List the prime factors of 12191.
73, 167
List the prime factors of 1215.
3, 5
List the prime factors of 12451.
12451
What are the prime factors of 464?
2, 29
List the prime factors of 3567.
3, 29, 41
List the prime factors of 31631.
47, 673
List the prime factors of 531.
3, 59
List the prime factors of 2328.
2, 3, 97
List the prime factors of 1065.
3, 5, 71
List the prime factors of 867.
3, 17
List the prime factors of 168139.
277, 607
List the prime factors of 4899.
3, 23, 71
List the prime factors of 116.
2, 29
List the prime factors of 1665.
3, 5, 37
List the prime factors of 3526.
2, 41, 43
List the prime factors of 17878.
2, 7, 1277
What are the prime factors of 915?
3, 5, 61
List the prime factors of 13249.
13249
List the prime factors of 2568.
2, 3, 107
What are the prime factors of 3688?
2, 461
List the prime factors of 935.
5, 11, 17
What are the prime factors of 20135?
5, 4027
What are the prime factors of 17779?
23, 773
What are the prime factors of 49258?
2, 11, 2239
List the prime factors of 627.
3, 11, 19
List the prime factors of 1345.
5, 269
What are the prime factors of 95289?
3, 23, 1381
What are the prime factors of 52867?
29, 1823
What are the prime factors of 439?
439
List the prime factors of 3288.
2, 3, 137
List the prime factors of 2563.
11, 233
List the prime factors of 130494.
2, 3, 7, 13, 239
What are the prime factors of 3150?
2, 3, 5, 7
What are the prime factors of 5774?
2, 2887
List the prime factors of 141729.
3, 7, 17, 397
List the prime factors of 1514.
2, 757
List the prime factors of 27643.
7, 11, 359
What are the prime factors of 74211?
3, 29, 853
What are the prime factors of 115?
5, 23
List the prime factors of 12433.
12433
What are the prime factors of 1045?
5, 11, 19
List the prime factors of 4775.
5, 191
List the prime factors of 43194.
2, 3, 23, 313
List the prime factors of 7771.
19, 409
What are the prime factors of 2641?
19, 139
List the prime factors of 13965.
3, 5, 7, 19
What are the prime factors of 2695?
5, 7, 11
What are the prime factors of 2163?
3, 7, 103
What are the prime factors of 17824?
2, 557
List the prime factors of 41639.
13, 3203
List the prime factors of 60005.
5, 11, 1091
List the prime factors of 2315.
5, 463
What are the prime factors of 2323?
23, 101
What are the prime factors of 79784?
2, 9973
List the prime factors of 152092.
2, 47, 809
What are the prime factors of 12221?
11, 101
List the prime factors of 1374.
2, 3, 229
List the prime factors of 1891.
31, 61
What are the prime factors of 77136?
2, 3, 1607
What are the prime factors of 968?
2, 11
List the prime factors of 1572.
2, 3, 131
List the prime factors of 134733.
3, 97, 463
List the prime factors of 2909.
2909
What are the prime factors of 8784?
2, 3, 61
List the prime factors of 1388.
2, 347
What are the prime factors of 45078?
2, 3, 11, 683
List the prime factors of 3248.
2, 7, 29
What are the prime factors of 6775?
5, 271
What are the prime factors of 21862?
2, 17, 643
List the prime factors of 2365.
5, 11, 43
What are the prime factors of 16509?
3, 5503
What are the prime factors of 8760?
2, 3, 5, 73
List the prime factors of 84072.
2, 3, 31, 113
What are the prime factors of 50940?
2, 3, 5, 283
What are the prime factors of 61940?
2, 5, 19, 163
List the prime factors of 657.
3, 73
List the prime factors of 880.
2, 5, 11
List the prime factors of 1516.
2, 379
List the prime factors of 125910.
2, 3, 5, 1399
What are the prime factors of 8091?
3, 29, 31
What are the prime factors of 853?
853
What are the prime factors of 11583?
3, 11, 13
List the prime factors of 755.
5, 151
What are the prime factors of 1069?
1069
List the prime factors of 90461.
7, 12923
List the prime factors of 24965.
5, 4993
List the prime factors of 20743.
20743
List the prime factors of 5967.
3, 13, 17
What are the prime factors of 558?
2, 3, 31
List the prime f